 + 3. Let i be l(0). Suppose d + 48 = n - 2*d, -n + 66 = i*d. What is the tens digit of n?
5
Let k = 4861 - 2011. What is the units digit of k?
0
Let r(v) = v**2 + 6*v + 10. Let k be r(-8). What is the tens digit of k*5/2 - 3?
6
Let r = 1117 - 235. What is the hundreds digit of r?
8
What is the units digit of 9/(270/42)*485?
9
Let i = 415 + -95. What is the tens digit of i?
2
Let r(c) = -2*c + 2. Let y be 0/(-2 - (0 + 0)). Let n be r(y). Suppose 7*u - n*u - 20 = 0. What is the units digit of u?
4
Suppose u - 1 = 0, 2*l + 2*u - 86 - 84 = 0. What is the tens digit of l?
8
Let i(x) be the first derivative of x**2 + 36*x + 29. What is the units digit of i(16)?
8
Suppose 3215 = 3*k + 4*h, 5*k - 187*h - 5389 = -186*h. What is the units digit of k?
7
Let y = 49 - 67. Let o(s) = s + 80. What is the units digit of o(y)?
2
What is the units digit of (2*386)/(56/(-14) + 6)?
6
Let d(i) = -i**3 - 34*i**2 + 22*i + 43. What is the tens digit of d(-35)?
9
What is the tens digit of 15500/16 - (-108)/48?
7
Suppose -3*s + 3*x = -4*s + 19, -8 = 3*s - 4*x. Suppose 28 = 3*a + 4*d - 23, -s*a + 68 = d. What is the tens digit of a?
1
What is the tens digit of (-4)/8 + 7530/12?
2
Suppose 0 = -3*p + p + 18. Let r = p - -1. Suppose 0 = -5*t + r + 65. What is the tens digit of t?
1
Let a be -3 - 12/(-3) - -125. Suppose 0 = 3*c - a - 24. Let x = c - 35. What is the tens digit of x?
1
Suppose 35*m + v - 6580 = 33*m, -3*v = -4*m + 13160. What is the hundreds digit of m?
2
Let m be (-8)/(-6)*(-45)/10. Let c = m - -1. Let v = c + 20. What is the units digit of v?
5
Let y = 2885 + -1780. What is the units digit of y?
5
What is the hundreds digit of (38/(-3))/((-4)/36)?
1
Let o(l) = l**2 - 8*l + 7. Let g be o(5). Let b = g - -10. Suppose -b*w = -j + 3, w = 2 + 2. What is the tens digit of j?
1
Let o(a) = -a - 2*a - 5 - 1 + 2*a**2. What is the units digit of o(-5)?
9
Suppose -24568 = 53*h - 80589. What is the units digit of h?
7
Suppose 0*t - 3*t - x - 529 = 0, 0 = -4*x - 16. Let q = -14 - t. What is the units digit of q?
1
Suppose 0 = -f + 8*p - 11*p + 220, 1134 = 5*f - 2*p. What is the units digit of f?
6
Suppose -5*s = -4*z - 2*s, -s = 0. What is the tens digit of (z/2 + 2)/((-2)/(-51))?
5
Let z be 6/4*8/6. Suppose 5*c = -p + 6*p - 80, -2*p = z*c - 16. What is the units digit of p/(-18)*(-39)/2?
3
Suppose -3*n + 0*n - 5*o = -52, -13 = -2*n + o. What is the units digit of n + (2/(-7) - 192/112)?
7
Let o(a) = -11*a**3 - 4*a**2 + 2*a - 2. Suppose 0 = -2*m - m - 3. Let i(g) = g**2 - g + 1. Let h(d) = m*o(d) - 3*i(d). What is the units digit of h(1)?
2
Let y = 727 - 48. What is the hundreds digit of y?
6
Suppose -2*m - 2*q - 459 = m, 0 = m - q + 153. Let l = -70 - m. What is the units digit of l?
3
Let x(g) = -3*g**2 - 21*g - 2. Let l(z) = -z**2 - z. Let b(f) = -2*l(f) + x(f). What is the units digit of b(-9)?
8
Let s(j) = j - 7. Let f be s(3). Suppose 17*k = 10*k. Let q = k - f. What is the units digit of q?
4
Let k be (2*-1)/((-3)/12). Suppose j + 4 = -k. Let n = -7 - j. What is the units digit of n?
5
Let k be ((-25)/15)/(1/(-3)). Suppose -3*l + k*l - 120 = 0. Let h = l - 42. What is the tens digit of h?
1
Suppose 0*a - 5 = -a. Suppose a*l + s - 5 - 6 = 0, 0 = -3*l + 4*s + 25. Suppose 2*k + 28 = l*v - 2*k, -4*k = 3*v + 4. What is the units digit of v?
4
What is the units digit of (-8)/(-4) - (-62 + 1 + -3)?
6
Suppose 0*i + 3267 = 3*q + i, 4*i = -3*q + 3276. What is the units digit of q?
8
Suppose -111*u = -109*u - 4. Suppose 0 = o - j - 176, 0*o - 3*o = u*j - 513. What is the hundreds digit of o?
1
Let p = 8 - -4. Suppose 2*o + o - 9 = 0, -2*o = -3*z + p. What is the units digit of 128/5 + z/15?
6
Let j(o) = o**3 + 12*o**2 + 11*o - 20. Let z be j(-11). What is the units digit of -1 - 5/(25/z)?
3
Suppose -3*r - 9 = -5*p, -5*r + 0*p + 16 = 2*p. Suppose 4 = s, t + 4*t - r*s = 397. What is the units digit of t?
1
Let r = -44 - -78. Suppose -r - 22 = -2*i. Suppose 5*g - 82 = -4*s + 2, 0 = s + 3*g - i. What is the tens digit of s?
1
Suppose -4*b + 16 = -3*u + 5, -u - 4*b = -7. Let h be (-3)/3*(-1 - 14). Let x = u + h. What is the tens digit of x?
1
Let m be (-2)/(-9) + 656/(-36). Let u be 9/m + 1/2. What is the units digit of (u + -1)*(-3 + 0)?
3
Let t be (889/14)/((-9)/(-6) - 1). Let d = 51 + t. What is the units digit of d?
8
Suppose -5*m + 7 = -3. What is the hundreds digit of 122 - m*(-12)/8?
1
Let a(x) = 10*x + 7. Let g be a(10). Suppose -4*j + 9 + g = 0. Let l = 65 - j. What is the tens digit of l?
3
What is the hundreds digit of -5*((-3 - 0) + 1510/(-50))?
1
Let i(r) = r**3 - 4*r**2 + 4*r - 3. Let t be i(3). Suppose u - 7 = -0*u + 4*k, t = -2*k - 8. Let j = 4 - u. What is the tens digit of j?
1
Suppose -4*q - 36 = -12. Let s(c) = -c**3 - 4*c**2 + 11*c - 2. What is the units digit of s(q)?
4
Let p(u) = -u**2 - 2*u - 15. Let j be p(-8). Let i = 159 + j. What is the tens digit of i?
9
Let h = 12353 + -6804. What is the hundreds digit of h?
5
Let r(j) = j**3 + 8*j**2 + 8*j + 2. Let x be r(-7). What is the hundreds digit of (-172)/(-3)*3/(-4 - x)?
1
Let f = -48 + 40. What is the tens digit of ((-3)/f)/(-3) - (-1377)/8?
7
Let q(a) = 35*a + 3. What is the units digit of q(9)?
8
Let a = 2784 + -1874. What is the units digit of a?
0
Suppose 0 = -4*w - 0*w + 16. Suppose -n + m = -0*m - 56, -88 = -2*n - w*m. What is the tens digit of n?
5
Suppose 0*b = -b - 4. Let n(s) = 9*s**2 + 800 - 4*s**2 + s**3 - 802 - s. What is the tens digit of n(b)?
1
Suppose 5*k + 2 = 3*k. What is the units digit of (k/3)/(1/(-231))?
7
Suppose -p - 1095 = -3*h + 3968, 16 = 4*p. What is the thousands digit of h?
1
Let t = 16 + -27. What is the units digit of (-1289)/t - (-6 - 68/(-11))?
7
Let f(k) = -4*k + 8. Let g be f(18). What is the units digit of (-5 - g)*(3 + 1*-2)?
9
Let h = -34 - -146. What is the hundreds digit of h?
1
Suppose 0*t = 5*t + 35. Let c(s) be the third derivative of s**6/120 + s**5/10 - 17*s**4/24 + s**3/2 + 4*s**2 + 4. What is the tens digit of c(t)?
7
Suppose -o + 17 = 4*x - 3*x, 0 = -5*x - 4*o + 86. Let h = x - 20. What is the units digit of 51 + h - 2 - 1?
6
Let n(s) = -s**3 + 7*s**2 - 2*s + 15. Let u be n(7). Let p(d) = 40*d**3 + d**2 - 2*d + 1. What is the tens digit of p(u)?
4
What is the hundreds digit of 365/(2/(-11) - 13/(-11))?
3
Let j(y) = y**2 + 26. Suppose 5*s = 5*l + 16 - 1, 4*l - 3*s + 9 = 0. Let z be j(l). Let f = -22 + z. What is the units digit of f?
4
Suppose 4*w + w = 2365. Let a = 767 - w. What is the hundreds digit of a?
2
Suppose -18 - 2 = -4*x. Suppose -109 = -8*t - x. What is the units digit of t?
3
Let p = 537 - -502. What is the units digit of p?
9
Let u = 2 - -3. Let c(b) = b**2 - 20*b + 5. Let l be c(20). What is the units digit of (-2)/u - (-72)/l?
4
Let i(n) = -n**2 - 9*n - 4. Let b(o) = o. Let z(y) = -3*b(y) + i(y). Let t be z(-10). What is the tens digit of (-38)/(-4) + 8/t?
1
Let q(j) = -4*j - 6. Let n be q(-2). Suppose l - 6*l = -5*f + 1720, -n*l = 3*f - 1022. What is the hundreds digit of f?
3
What is the units digit of 588*(-3 - (-14)/4)?
4
Let h(m) = -3*m - 25. Let n be h(-9). Suppose 200 = z - n*o + 8, -4*o = -3*z + 572. What is the units digit of z?
8
Let c(j) = -81*j + 137. What is the tens digit of c(-13)?
9
Let g(o) = -o**3 - 5*o**2 + o - 3. Let a be g(-4). Let l(d) = -d + 43. What is the units digit of l(a)?
6
Let y(r) = 27*r - 19. Let k(o) = 26*o - 18. Let z(n) = -3*k(n) + 4*y(n). What is the units digit of z(7)?
8
Let d(z) be the first derivative of z**3 - z**2/2 - 6*z + 17. What is the units digit of d(-5)?
4
Let x(o) = o**2 - 1. Let t(k) = -k**3 + 6*k**2 + 2*k - 19. Let v(c) = -t(c) + 5*x(c). What is the units digit of v(0)?
4
Let h(c) = -470*c - 112. What is the hundreds digit of h(-4)?
7
Suppose -o = o + 30. Let n(h) = 31*h**3 - 19*h**3 + 4*h - 7*h + 22 - 15*h**2 - 13*h**3. What is the tens digit of n(o)?
6
What is the units digit of 2/(-13) - 60/39*-498?
6
Suppose 0 = -2*n + 4 + 32. Suppose 2*a + 8 = n. What is the units digit of a?
5
Let q be -29 + (0 - 2) + -1. Let n = q - -73. What is the units digit of n?
1
Let i = 13 - 10. Suppose -3*m + 6 = -i*a, -a + 2*m + 3*m - 10 = 0. Suppose -4*t + 12 = -a*t. What is the units digit of t?
3
Suppose -4*y + 2950 - 839 = 3*m, 5*y - 2605 = 3*m. What is the units digit of y?
4
Let b(x) = -x + 4. Le